 28. Give j(i).
20
Let m(r) be the third derivative of r**4/24 - r**3 + 40*r**2. Calculate m(8).
2
Let r(i) be the first derivative of i**4/4 + 13*i**3/3 - 8*i**2 - 21*i - 1868. Determine r(-14).
7
Suppose 259*m - 291*m + 160 = 0. Let l(u) = -u**3 + 4*u**2 + 2*u + 21. Give l(m).
6
Let f be 4/(-14) + 636/21. Suppose 4*c - f = c. Let u be c/3*(-48)/40. Let h(x) = x**3 + 4*x**2 + x - 4. Give h(u).
-8
Let q(p) be the third derivative of -2*p**5/15 + p**3/6 - 21*p**2 - 15*p. What is q(-2)?
-31
Let h(y) = 9 - 4 - 5 - 4*y. Let g(q) = 6*q - 11*q + q**2 + 22 + 17*q. Let r be g(-10). Calculate h(r).
-8
Let f(j) be the third derivative of j**5/60 + 19*j**4/24 + 16*j**3/3 + 499*j**2 - 4*j. Calculate f(-13).
-46
Let g(o) be the third derivative of -o**6/40 + o**4/24 - o**3/3 - 6*o**2 + 38*o - 3. Determine g(-2).
20
Let w(r) = -r**2 - 16*r + 4. Let a be w(-16). Suppose 3*z - a = -2*l + 5, 0 = l - 3*z - 9. Suppose -56*k - l = -59*k. Let u(h) = h - 1. Calculate u(k).
1
Let r(p) = 17*p**2 - 16*p**2 + 21514 + 14*p - 21508 - p. Determine r(-10).
-24
Let y = -9 + 4. Suppose 12*f - 11*f - 3 = 0. Let b(o) = 24*o**2 - 8*o**2 - 3 + o**f - 11*o**2. Calculate b(y).
-3
Let h = 14 + -8. Let x(i) be the third derivative of -i**6/120 + i**5/10 + i**4/24 - 5*i**3/3 + i**2 - 3790*i - 3. Determine x(h).
-4
Let m(q) = 6*q**2 - 662*q - 3*q**2 - 2 - q**2 + 658*q. Calculate m(5).
28
Let o(l) be the third derivative of -1/24*l**4 + 0 - 158*l**2 - 7/6*l**3 + 0*l. Determine o(-5).
-2
Let f = -308 + 308. Let o(l) = -1 + 10 - 7*l + f*l + l + l**2. Determine o(6).
9
Let c(t) = -8*t**3 + t**2 - t + 1. Let v be 20/6*3*(-5)/(-10). Let w(d) = -d**2 + 8*d - 14. Let y be w(v). Give c(y).
-7
Let x(m) = -m**3 - 16*m**2 - 9*m + 65. Let v be x(-10). Let w = v + 439. Let k(g) = 3*g + 2. Calculate k(w).
-16
Let k be (-50)/20*108/45. Let h(w) = -w**3 - 6*w**2 + 4*w + 6. Determine h(k).
-18
Let c be 4/3*18/2 + 0. Suppose -5*f = f - c. Let p(h) = 6*h**2 + 4 - f*h + 0 - 3 - 2 + h**3. Calculate p(-6).
11
Suppose 5*c - 23 = -0*a + 2*a, 5*a = -20. Suppose 0 = -4*w + 5*v + 2, -c*w - v = 3*v + 14. Let u(z) = -313*z - z**2 + 311*z - z**2 + z**2. Determine u(w).
0
Let s(z) = -38*z**2 + 15*z**2 - 2 + 6*z - z**3 + 17*z**2. Let a(n) = -3*n - 52. Let i be a(-23). Suppose m + i - 10 = 0. Give s(m).
5
Let d = -225 + 230. Suppose 0 = d*x + 52 - 17. Let p(i) = i**3 + 6*i**2 - 10*i - 7. Determine p(x).
14
Let o(d) = 4*d + 19*d + 4*d - 11 - 28*d. Give o(-7).
-4
Let z be 1/(-3) - (-4)/3. Let v be (7/(-252)*-12)/((-2)/(-30)). Let x(u) = 2 - v*u + z + 2 - 1. Calculate x(3).
-11
Suppose -3*j + 2*g + 214 = g, j - 2*g = 68. Let n = j + -64. Let x(t) = 8*t - 5 + 2 - 3*t**2 + 2*t**2 + 0. What is x(n)?
-3
Suppose -4*f - k + 56 = 0, 4*k = -5*f + 3*k + 71. Let j(t) = 7*t - 3. Let s(z) = -6*z + 5. Let n(c) = 5*j(c) + 6*s(c). Calculate n(f).
0
Let h(u) be the first derivative of -u**4/24 + u**3/6 - 20*u**2 + 87. Let w(s) be the second derivative of h(s). Give w(1).
0
Let y(r) = -r**2 + 5*r + 8. Let v be ((-4)/8)/((-1)/(-30)). Let w(s) be the second derivative of s**3/3 + 18*s**2 - 2*s. Let p be w(v). Give y(p).
2
Let d(k) = 65*k + 428. Let h(w) = 8*w + 3. Let x(q) = d(q) - 9*h(q). What is x(57)?
2
Let s = 265 - 265. Let b(z) be the third derivative of -z**6/120 - z**5/60 + z**4/24 - 8*z**3/3 + 27*z**2. Determine b(s).
-16
Suppose 21 = 19*p + 2. Let u(r) = p + 327*r - 641*r + 316*r. Give u(-4).
-7
Suppose 127*k = 125*k + 4. Suppose 0 = -4*w - y - 85, -3*w - k*y = 2*y + 67. Let j be (7/w)/((-1)/(-12)) + 5. Let h(l) = 9*l**3 + l**2 - 1. What is h(j)?
9
Let f(q) be the second derivative of 2*q**3 + q + 0 + 1/2*q**2. Let b(t) = -6915*t - 103726. Let u be b(-15). Determine f(u).
-11
Let d(w) = 5*w + 13. Let m be (-2 - 11) + -25 + 32. What is d(m)?
-17
Let b(y) = 2*y - 4. Let h = 13 + -10. Let f be (-966)/(-48) - 1/8. Suppose -g = h*g + f. Determine b(g).
-14
Let l(x) = x**3 - 2*x**2 - 4*x - 5. Suppose 865*d - 860*d = 135. Suppose -c - d = 2*w - 30, 4*w = c + 21. What is l(w)?
11
Suppose 15 = 4*v + c, -3*v = -5*v - 7*c - 25. Let s(n) = 3*n - 22. Give s(v).
-7
Suppose -46*f - 66*f - 448 = 0. Let b(z) = -z**3 + 4*z. Calculate b(f).
48
Let n(z) = z**3 - 101*z + 13. Suppose o + 26 = 3*j, 2*j + 5*o - 3*o = 28. Calculate n(j).
3
Let a(j) = 43*j - 89. Let h(t) = 2*t**2 - 75*t - 520. Let f be h(-6). Give a(f).
-3
Let x(f) = 12*f**3 + 16*f**2 - 113*f - 82. Let q(k) = k**3 - k**2 + k - 7. Let l(a) = -11*q(a) + x(a). Give l(4).
-5
Let h(j) = -j**3 + 5*j**2 + 13. Let f be h(5). Let k(a) = a**3 - 12*a**2 - 13*a + 3. Let m be k(f). Let n(o) = -o + 1 + 3*o - m*o + 0. Calculate n(-2).
3
Let o(s) be the third derivative of s**5/60 - s**4/6 + s**3/3 + 7*s**2 - 48*s. What is o(4)?
2
Let c(p) = -10*p**3 - 277*p**2 + 87*p + 85. Let n be c(-28). Let u(x) = 24*x - 20. Calculate u(n).
4
Suppose -68 = 4*x - 4*f, 18*x + 5*f - 3*f + 266 = 0. Let n(z) = z**3 + 14*z**2 - 16*z - 25. What is n(x)?
-10
Let k(i) = i**2 - 8*i - 11. Let r(o) = -4*o**2 - 64*o - 104. Let q be r(-14). Determine k(q).
-11
Let x = 0 + 5. Suppose x*w = -5*v, 0 = v - 0*v. Let l(f) = f + 6 - 2 - 9 + 8. What is l(w)?
3
Let f(w) = 9*w - 9*w**2 + 20*w**2 - 9 - 10*w**2. Let c be 1/(-3) - 1/((-24)/(-256)). Give f(c).
13
Let n(p) = -p**2 - 22*p + 22. Let c be (0 - 10) + (-56)/((-3192)/(-627)). What is n(c)?
43
Let h(n) = -n - 10. Let u(i) = 1. Let l = -177 + 181. Let y(v) = v**2 - 7*v - 7. Let m be y(8). Let r(s) = l*u(s) + m*h(s). Determine r(-9).
3
Let n(o) be the second derivative of 7*o**3/6 - 6*o**2 - 3*o + 493. Determine n(3).
9
Let p be -566*(36/8 + -5). Let y = -283 + p. Let i(l) = -l + 11. Give i(y).
11
Let o be (108/324)/(1/24). Let p(v) be the second derivative of -v**4/12 + 4*v**3/3 + v**2/2 - 31*v. What is p(o)?
1
Let f = 1/6952 - -3473/20856. Let b(i) be the second derivative of 1/3*i**4 - 1/10*i**5 - 1/2*i**2 - 32*i + 0 + f*i**3. Determine b(3).
-16
Let y = -362 + 364. Let p be 2706/242 - y/11. Let g(h) = -h**2 + 9*h + 16. Give g(p).
-6
Let r(p) be the first derivative of p**4/4 - 11*p**3/3 + 10*p**2 - 14*p - 812. Give r(9).
4
Let c(k) = 5*k**2 - 165*k - 10. Let h be c(33). Let q(t) = -t**2 - 7*t + 12. Calculate q(h).
-18
Let l(r) = -r - 13. Suppose -8*w = 8*w - 4176. Let n = -271 + w. Give l(n).
-3
Let n(w) = -7 - 135*w + 255*w - 121*w. Suppose 0 = -21*u - 219 - 12. Determine n(u).
4
Let s(u) = -3 - 74*u - u**2 + 45*u + 6 + 24. Let d be s(-30). Let o(q) = 4*q**2 - 2*q. Determine o(d).
42
Suppose -p = 4*i - 20, i - 35 = -3*p - p. Let o = 3 - p. Let f(k) = 117571*k + 0 - 1 - 352704*k + 117566*k + 117566*k. Give f(o).
4
Let t = -186 + 350. Let o = -172 + t. Let u(n) = n + 3. What is u(o)?
-5
Let i be 30/35*126/36. Let b(u) be the second derivative of 1/12*u**4 + 0 + 7/6*u**i - u**2 + 2*u. What is b(-5)?
-12
Suppose -10*t = -135 - 225. Let i be (-2)/9 - ((-296)/t + 1). Let u(s) = -2*s**2 + 22*s - 29*s + s**2 + 2*s**2 - 3. Give u(i).
-3
Let b(r) = -5*r - 14. Let t be (-24)/72 + -3 + (-10)/(-3). Determine b(t).
-14
Let m be 194/6*4 - 8/(-12). Suppose 0 = -5*p - 20, -5*z + 562 + m = 2*p. Suppose 0 = z*q - 143*q. Let c(k) = -k**3 + k - 8. Give c(q).
-8
Let k(d) = -1184*d**2 + 38 + 2*d - 7*d + 23*d - 1185*d**2 + 2370*d**2. Give k(-16).
6
Let r(t) = t**3 - 12*t**2 - 46*t + 15. Let k be r(15). Let d(b) = -b**2 - 2*b + 5. Determine d(k).
5
Let z(p) = 8*p. Let a = -604 - -607. Suppose a*b + h = -12, 24 = -2*b - 3*b - 3*h. Give z(b).
-24
Suppose -2*v - 176 = -20*v - 26*v. Let o(t) = -t**3 + 2*t**2 - 2*t + 4. Let z(f) = f**3 - 3*f**2 + 3*f - 4. Let s(a) = 3*o(a) + 4*z(a). Give s(v).
-12
Let y(d) = 2*d - 44. Let q(g) = -7*g - 103. Let i(s) = q(s) - 3*y(s). Calculate i(4).
-23
Let p(a) = -a**3 + 11*a - 4*a + 6*a**2 + 105 - 115. Let v = -93 - -64. Let q = -22 - v. What is p(q)?
-10
Let a(s) = -1 - 9 - 5 + 15 + 9*s - 3. What is a(4)?
33
Let r(h) = -3*h - 1. Let b(o) = -5*o - 4. Suppose -4*g = -5*m + 2, -m + 3*m - 2*g = 2. Let j be b(m). Calculate r(j).
-19
Suppose 43*h = 3690 - 3776. Let k(n) = 10*n + 9. Calculate k(h).
-11
Let f(h) = 10*h**2 + 29*h - 2. Let v = -694 - -689. Let t(w) = -7*w**2 - 20*w + 2. Let o(x) = v*f(x) - 7*t(x). What is o(-3)?
2
Suppose -l = 2*j - 7, 0 = 3*j - 4*l + 21 - 15. Let n(i) = 53*i**2 + 45 - 37 - 52*i**j - 12*i. Determine n(10).
-12
Let x be 12/(-576)*4 - 16370/(-24). Le